he third derivative of -11*p**4/24 + p**3/6 - 17*p**2. Let o(x) = -x**2 - 2*x + 4. Let j be o(4). Let s = -19 - j. Calculate a(s).
-10
Let u(t) = -t**2 - 3*t - 2. Let w be (-4)/8 - 11/(-2). Suppose -3*s = w*i - 78, i + 8 = 3*s + 20. Suppose 17*f - i*f = -12. Calculate u(f).
-20
Let f(j) = 6*j - 28. Let h be f(14). Suppose -13*k - 139 = h. Let z be -1*3 + (-3)/k*15. Let u(w) = w**2 + w + 13. Give u(z).
13
Let l(j) = -11 - 5*j**3 + 6269*j**2 + 35 - 12495*j**2 + 23*j + 6249*j**2 + 4*j**3. Give l(24).
0
Let m(w) = w**2 + 6*w + 17. Let s(x) = 2. Let a(k) = m(k) - 6*s(k). Suppose 3*v + 0 = -b + 2, 0 = 2*b - 3*v - 13. Let i = b - 9. What is a(i)?
-3
Let z(n) = n**2 + 4*n - 22. Let s = -11484 + 11474. Determine z(s).
38
Suppose 35*k + 5*i = 40*k - 45, -27 = -5*k + 2*i. Let s(y) = 5*y**2 - 6*y + 1. What is s(k)?
28
Let n be 3 + -8 + (-4 - -9). Let r be n/(-10) + (-150)/2. Let u = r + 74. Let p(t) = 27*t**2. What is p(u)?
27
Let p be 47/6 - (-4)/24. Let b(k) = -6*k + p - 3*k + 6*k**2 + 65*k**3 - 64*k**3. Give b(-7).
22
Let u(s) = -5*s**2 - 6*s. Suppose 4*q + 41 = -5*h - 0*h, -4*q = -h + 11. Let m(w) = 12*w**2 + 12*w - 1. Let y(l) = h*u(l) - 2*m(l). Calculate y(-4).
-6
Let m = 23 - 11. Let w be (-3)/m - 699/(-12). Let y = w - 56. Let b(o) = -6*o + 3. Determine b(y).
-9
Let a(c) = -c - 44. Suppose -4*r - 4*b + 47 = -77, b - 658 = -20*r. Give a(r).
-77
Let j be (-75)/35 + (-1)/(-7). Suppose 12*b - 13 - 23 = 0. Let q(n) = 8 + b*n + 1 - 6. What is q(j)?
-3
Suppose -56*z + 61 = -74 + 23. Let g(d) = 15*d**2 + 2*d + 1. What is g(z)?
65
Suppose 0 = -73*c + 75*c - 4. Suppose -c*p - 80 = 2*p. Let a be 1 + -2 - (-3 - p/5). Let l(n) = n**3 + 2*n + 3. Determine l(a).
-9
Let o = -7 - 17. Let w = 17 + o. Let c(b) be the first derivative of b**4/4 + 8*b**3/3 + 9*b**2/2 + b + 19. What is c(w)?
-13
Suppose 12*u = 9 + 3. Let p(t) = 4*t**2 + 6*t**3 - u + 12*t**3 + 10*t**3 - 27*t**3. Determine p(-3).
8
Let n(y) = -y**2 + 24*y + 27. Let s be n(25). Suppose 6*w = s*w - 2*b + 4, 0 = -w - 2*b + 4. Let v(a) = -3*a + 2. Determine v(w).
2
Let k = -4500 - -4501. Let n(i) = -4*i**2 + 6*i. Determine n(k).
2
Suppose -p + 96 = 7*p. Suppose p = 46*v - 43*v. Let g(n) = 2*n**2 - 4*n + 6. Give g(v).
22
Let j(a) = a**2 - 2*a + 8. Let k(w) be the third derivative of -w**5/60 + w**4/8 - 4*w**3/3 + w**2 + 3*w. Let g(x) = -4*j(x) - 3*k(x). Give g(0).
-8
Let w(o) = -69*o + 199*o + 55 - 57*o - 77*o. Calculate w(19).
-21
Let f(y) = y**3 - 14*y**2 - 3*y + 12. Let r = -4539 - -4553. Give f(r).
-30
Let r(t) be the first derivative of -t**4/4 - 11*t**3 + 71*t**2/2 + 40*t - 2346. Give r(-35).
5
Suppose 4*q - 6*q - 2 = 0. Let r(v) be the first derivative of 15*v**4/2 + v**3/3 + v**2 + v - 23301. Calculate r(q).
-30
Let k = 2840 - 2837. Let a(y) = 67*y - 208. Determine a(k).
-7
Let d(f) = 7*f - 263. Suppose -1041*l = -897*l - 6048. Calculate d(l).
31
Let u = -516 + 518. Let x(q) = -4*q**u + 2*q**2 - 31 + 13 + 3 + q. Calculate x(0).
-15
Let t(s) be the first derivative of -s**3/3 + 9*s**2/2 - 2*s - 23. Suppose -2700*v + 3 = -2699*v - 6. Calculate t(v).
-2
Let q(r) = r - 13. Suppose 218 = 14*p + 120. Give q(p).
-6
Let h(n) = 42*n**3 - 10*n**2 + 11*n. Let k(w) = -41*w**3 + 8*w**2 - 9*w. Let q(s) = -4*h(s) - 5*k(s). What is q(1)?
38
Let p(h) = h**2 + 2*h - 5. Let j = 3849 - 3854. Calculate p(j).
10
Let j(d) = d**3 - 8*d**2 + 5*d + 10. Let w = 248 - 231. Suppose -w*o = 8*o - 175. Calculate j(o).
-4
Let h(j) be the first derivative of -j**4/4 - 3*j**3 - 6*j**2 - 12*j + 3. Suppose 58*o + 381 + 83 = 0. What is h(o)?
20
Suppose 750*g - 754*g = -48. Let w(u) = -84*u - 3*u**3 + 5 + g*u**2 + 2*u**3 + 75*u + 7. What is w(11)?
34
Suppose 0*f = -2*o + 4*f + 1254, -4*o + 2548 = 2*f. Let r = o + -637. Let c(j) = -2*j - 2. What is c(r)?
2
Let n(o) = o + 22. Let h be n(-17). Let x(u) be the first derivative of -u**4/4 + 2*u**3 - 3*u**2/2 - 2*u + 801. Give x(h).
8
Let c be (-6517)/(-76) - 2/(-8). Let f = -87 + c. Let x(y) = -30*y**3 + y. Give x(f).
29
Let z(d) = -4 + 4 - 129*d + d**2 + 10 + 120*d + 8. What is z(8)?
10
Let m(n) = n**3 - 5*n**2 + 3*n - 5. Let o be (-56)/(-35)*(-10)/(-8). Let k be (-35)/21*(-3 + o - 2). Determine m(k).
10
Let g(t) = -6*t**2 + 33*t - 33. Let l be g(1). Let s(q) = -2*q**3 - 11*q**2 + q + 8. Calculate s(l).
38
Suppose -15 = 5*a - 3*z, -2*a - 2*z - 5 = -3*z. Suppose 0 = -u - a*l - 5*l - 17, 0 = -l - 3. Let p(x) = -x**3 + 3*x + 3. Determine p(u).
5
Let r(x) be the third derivative of x**5/20 + x**4/12 + x**3/6 + 28*x**2. Suppose 5*y = 5*p + 10, 6*p + 12 = 5*p + 3*y. What is r(p)?
34
Let x(c) = c**3 - 5*c**2 - 6*c + 3. Let l = 5529 - 5523. What is x(l)?
3
Let v(g) = -6*g + 4*g**2 - g**2 - 5*g**2 - 6 + 2 + g**2. Let s = -14 - -10. Calculate v(s).
4
Let l(i) = i - 15. Let s(r) = -r**2 - 4*r + 13. Let j be s(-7). Let g(x) = -2*x**2 - 15*x + 10. Let b be g(j). Suppose -b*a = 6*a - 80. What is l(a)?
-5
Let y = 329 - 238. Let x(w) = -y*w**2 - 89*w**2 - 87*w**2 + 268*w**2 - 2. Give x(3).
7
Let f(a) be the third derivative of -2*a - 3*a**2 + 1/12*a**4 + 2/3*a**3 + 0. What is f(6)?
16
Suppose -o + i - 19 = 0, -3 = o + 5*i + 46. Let r(g) = g - 35. Give r(o).
-59
Let m = 11 + -3. Let t(n) = n - 3*n + 7 - 2*n + 3*n. Let w(h) = 2*h - 14. Let k(i) = 13*t(i) + 6*w(i). What is k(m)?
-1
Let c(u) = -2*u + 32. Let n be c(-8). Let k be (-50)/20*n/20. Let d(v) be the second derivative of -v**5/20 - 2*v**4/3 - 4*v**3/3 + 3*v**2 - 2*v. What is d(k)?
-18
Suppose -9*m + 1 + 17 = 0. Let d(s) = s**2 + 12*s - 15. Let t(v) = -6*v**2 - 60*v + 75. Let l(g) = m*t(g) + 11*d(g). Calculate l(11).
-4
Let l(x) = 1 - 2*x**2 + 2 + 3*x + 3*x**2 - 1. Let z(c) = c**2 - 1. Let p(u) = l(u) + z(u). Let a be (-100)/(-350)*(0 + -7). What is p(a)?
3
Suppose 66 - 414 = -29*n. Let t(y) = -5*y**2 - 31*y + 62. Let i(s) = -2*s**2 - 10*s + 21. Let o(k) = 8*i(k) - 3*t(k). Determine o(n).
-6
Let k(f) = -4*f**3 - 26*f**2 - 17*f + 31. Let a(m) = -20*m**3 - 128*m**2 - 86*m + 159. Let r(y) = -6*a(y) + 31*k(y). Give r(-9).
-56
Let w be ((-8)/6)/(1*(-2)/12). Suppose -13 = -3*n + w. Let i(j) = j**2 - 7*j - 6. Determine i(n).
-6
Let v = 364 + -360. Suppose d = -v, -3*u + 13*d - 8*d = -2. Let f(t) = -t**2 - 5*t + 7. Determine f(u).
1
Let f be -2*(4/(-8))/(2/10). Let v(x) = x**2 - 7*x + 10. Give v(f).
0
Let j(s) = -2*s - 10. Let t be (-158)/(-2) + (24 - 31). Let a be 16/t + (-74)/9. Calculate j(a).
6
Suppose 31*z = 32*z - 6. Let w(i) = 3 - z - 85*i + 97*i - i**2. Give w(10).
17
Let h(b) = b**3 - 7*b**2 + 7*b. Let j be h(6). Let z(o) be the first derivative of 1/3*o**3 - 2*o**2 + 3*o - 11. Calculate z(j).
15
Let c(z) be the third derivative of z**6/120 - z**5/20 + z**4/4 - z**3/2 + 120*z**2. Suppose 16*p = 9*p + 14. What is c(p)?
5
Let o(b) = -2 + 3 + 0*b - 2*b. Let j(f) = f**2 - 6*f + 2. Suppose 69 - 15 = 9*v. Let y be j(v). What is o(y)?
-3
Let a(m) be the third derivative of -m**6/24 + m**5/120 - m**4/24 + 89*m**3/6 - 9*m**2 - 10. Let s(o) be the first derivative of a(o). What is s(1)?
-15
Let l(g) be the third derivative of -g**5/30 - 13*g**4/12 + 11*g**3/3 - 112*g**2. Let i(b) = -b**2 - 13*b + 11. Let k(t) = -5*i(t) + 3*l(t). What is k(-10)?
41
Suppose -12*d = -282 + 246. Suppose d*z = -5*w - 3, w - 6*z + 4*z = -11. Let r(m) = 2*m + 4. Calculate r(w).
-2
Let s(n) = -n**2 - 12*n - 13. Suppose 15*h = 4*h + 11. Let b be h/(-1*2 + (-17)/(-9)). Give s(b).
14
Let v(g) be the third derivative of g**5/60 + g**4/24 - 19*g**3/6 - 2*g**2. Suppose 6*i = -2*h + i - 99, 0 = -5*h - 3*i - 276. Let r = -57 - h. Give v(r).
-19
Suppose 3*w = 6*c - 33, 3*c = 2*w - 43 + 61. Let y(x) = 8*x**2 - 3 - 8*x**2 + 6*x - x**2. Give y(c).
5
Suppose 2*g - 2 = 3*g. Let m(o) be the second derivative of 6*o - o**2 - 2/3*o**3 + 3. Determine m(g).
6
Let p(z) = 9*z - 3. Let y be p(-4). Let i = y + 41. Let g(x) = -5*x**2 - 35*x - 45. Let s(r) = r**2 + 7*r + 9. Let u(n) = i*g(n) + 11*s(n). Determine u(-6).
3
Let p(o) = 27*o + 30. Let u(l) = 215*l + 242. Let c(z) = -17*p(z) + 2*u(z). What is c(-1)?
3
Suppose 5*s - 48 - 6 = -3*d, 0 = -5*s + d + 42. Let a(k) = -5*k**3 + 37*k**2 + k - 19. Let f(b) = -b**3 + 9*b**2 - 5. Let p(x) = s*f(x) - 2*a(x). What is p(-7)?
7
Let j(b) be the second derivative of -b**3/3 - 22*b**2 - 2551*b. Calculate j(0).
-44
Let a(x) = x**2 - 18*x - 6. Let v be 4/(-3)*1122/(-88